{"id":31156,"date":"2021-10-16T04:26:57","date_gmt":"2021-10-16T04:26:57","guid":{"rendered":"https:\/\/pcml.org.br\/?page_id=31156"},"modified":"2021-10-17T23:24:25","modified_gmt":"2021-10-17T23:24:25","slug":"abertura-do-congresso","status":"publish","type":"page","link":"https:\/\/pcml.org.br\/?page_id=31156","title":{"rendered":"Abertura do Congresso"},"content":{"rendered":"<p>[et_pb_section fb_built=&#8221;1&#8243; fullwidth=&#8221;on&#8221; admin_label=&#8221;Header Section&#8221; _builder_version=&#8221;4.11.2&#8243; background_color=&#8221;#000000&#8243; custom_padding=&#8221;|||&#8221; global_colors_info=&#8221;{}&#8221;][et_pb_fullwidth_header title=&#8221;Salve o PCML! Abertura&#8221; subhead=&#8221;Bianka de Jesus e G.S. &#8221; text_orientation=&#8221;center&#8221; header_fullscreen=&#8221;on&#8221; header_scroll_down=&#8221;on&#8221; scroll_down_icon=&#8221;%%2%%&#8221; scroll_down_icon_color=&#8221;#ffffff&#8221; background_overlay_color=&#8221;rgba(0,0,0,0.4)&#8221; content_max_width_last_edited=&#8221;off|desktop&#8221; admin_label=&#8221;Contents&#8221; _builder_version=&#8221;4.11.2&#8243; title_font=&#8221;Oswald|||on|&#8221; title_text_align=&#8221;center&#8221; title_font_size=&#8221;80px&#8221; title_letter_spacing=&#8221;0.05em&#8221; title_line_height=&#8221;1.5em&#8221; subhead_font=&#8221;Nunito|600|||||||&#8221; subhead_font_size=&#8221;20px&#8221; subhead_line_height=&#8221;1.9em&#8221; background_color=&#8221;rgba(255, 255, 255, 0)&#8221; background_image=&#8221;https:\/\/pcml.org.br\/wp-content\/uploads\/2021\/10\/mesaref2-scaled.jpg&#8221; parallax=&#8221;on&#8221; parallax_method=&#8221;on&#8221; custom_button_one=&#8221;on&#8221; button_one_text_size=&#8221;15px&#8221; button_one_bg_color=&#8221;#dca57d&#8221; button_one_border_width=&#8221;10px&#8221; button_one_border_color=&#8221;#dca57d&#8221; button_one_border_radius=&#8221;0px&#8221; button_one_letter_spacing=&#8221;3px&#8221; button_one_font=&#8221;Oswald|||on|&#8221; button_one_use_icon=&#8221;off&#8221; animation_style=&#8221;fade&#8221; animation_starting_opacity=&#8221;50%&#8221; animation_speed_curve=&#8221;ease-in&#8221; hover_enabled=&#8221;0&#8243; title_font_size_tablet=&#8221;60px&#8221; title_font_size_phone=&#8221;31px&#8221; title_font_size_last_edited=&#8221;on|tablet&#8221; button_one_border_color_hover=&#8221;#c99872&#8243; button_one_border_radius_hover=&#8221;0px&#8221; button_one_letter_spacing_hover=&#8221;3px&#8221; button_one_bg_color_hover=&#8221;#c99872&#8243; global_colors_info=&#8221;{}&#8221; button_one_text_size__hover_enabled=&#8221;off&#8221; button_two_text_size__hover_enabled=&#8221;off&#8221; button_one_text_color__hover_enabled=&#8221;off&#8221; button_two_text_color__hover_enabled=&#8221;off&#8221; button_one_border_width__hover_enabled=&#8221;off&#8221; button_two_border_width__hover_enabled=&#8221;off&#8221; button_one_border_color__hover_enabled=&#8221;on&#8221; button_one_border_color__hover=&#8221;#c99872&#8243; button_two_border_color__hover_enabled=&#8221;off&#8221; button_one_border_radius__hover_enabled=&#8221;on&#8221; button_one_border_radius__hover=&#8221;0px&#8221; button_two_border_radius__hover_enabled=&#8221;off&#8221; button_one_letter_spacing__hover_enabled=&#8221;on&#8221; button_one_letter_spacing__hover=&#8221;3px&#8221; button_two_letter_spacing__hover_enabled=&#8221;off&#8221; button_one_bg_color__hover_enabled=&#8221;on&#8221; button_one_bg_color__hover=&#8221;#c99872&#8243; button_two_bg_color__hover_enabled=&#8221;off&#8221; background_last_edited=&#8221;on|phone&#8221; parallax_phone=&#8221;off&#8221; background_size_phone=&#8221;contain&#8221; background_position_phone=&#8221;bottom_center&#8221; custom_margin_last_edited=&#8221;on|phone&#8221; custom_margin_phone=&#8221;-200px||||false|false&#8221; sticky_enabled=&#8221;0&#8243;][\/et_pb_fullwidth_header][\/et_pb_section][et_pb_section fb_built=&#8221;1&#8243; admin_label=&#8221;Coffee Menu&#8221; _builder_version=&#8221;4.5.3&#8243; background_enable_image=&#8221;off&#8221; custom_padding=&#8221;100px||100px|&#8221; global_colors_info=&#8221;{}&#8221;][et_pb_row _builder_version=&#8221;4.5.3&#8243; _module_preset=&#8221;default&#8221; global_colors_info=&#8221;{}&#8221;][et_pb_column type=&#8221;4_4&#8243; _builder_version=&#8221;4.5.3&#8243; _module_preset=&#8221;default&#8221; global_colors_info=&#8221;{}&#8221;][et_pb_text _builder_version=&#8221;4.11.2&#8243; _module_preset=&#8221;default&#8221; global_colors_info=&#8221;{}&#8221;]<\/p>\n<p>Abertura p\u00fablica do Congresso de Refunda\u00e7\u00e3o do Partido Comunista (M-L) lota audit\u00f3rio na ABI!<\/p>\n<p>O II Congresso do Movimento 5 de Julho teve sua abertura p\u00fablica, no dia 24 de mar\u00e7o de 2000, no Rio de Janeiro, no audit\u00f3rio do nono andar da Associa\u00e7\u00e3o Brasileira de Imprensa (ABI). Estiveram presentes ao evento cerca de 400 pessoas, que foram prestigiar essa iniciativa hist\u00f3rica de refundar no Brasil, o Partido Comunista, Marxista-Leninista.<\/p>\n<p>A mesa da sess\u00e3o p\u00fablica do Congresso constitu\u00edda por Afonso Celso, Miguel Batista, da dire\u00e7\u00e3o do M5J, Alu\u00edsio Bevil\u00e1qua, Secret\u00e1rio-geral do M5J, Andr\u00e9 Laino, professor de Hist\u00f3ria e Sociologia da Universidade Federal Fluminense (UFF), Henrique Miranda, diretor da Associa\u00e7\u00e3o Brasileira de Imprensa; Hern\u00e1n Ram\u00edrez, das FARC-EP da Col\u00f4mbia, Michele Capuano, Secret\u00e1rio Geral da Democracia Popular Esquerda Unida (It\u00e1lia), Ines Venturi, presidente geral da Associa\u00e7\u00e3o Internacional de Amizade e Solidariedade com os Povos (It\u00e1lia), Maria Antonieta Artusa (It\u00e1lia) e Hu Renrong, da Ag\u00eancia chinesa de Not\u00edcias Xinhua.<\/p>\n<p>A sauda\u00e7\u00e3o inicial foi de Alu\u00edsio Bevil\u00e1qua, que agradeceu a presen\u00e7a de todos que prestigiaram o ato que condensou 20 anos de trabalho do M5J, junto das popula\u00e7\u00f5es mais carentes no Rio e em todo o pa\u00eds: &#8220;Gostar\u00edamos de registrar e agradecer a presen\u00e7a tamb\u00e9m de companheiros de diversas entidades, que se formam em cada local onde a classe oper\u00e1ria luta e aspira por melhores condi\u00e7\u00f5es de vida, e que est\u00e3o aqui presentes. Gostaria de agradecer tamb\u00e9m \u00e0s que tiveram coragem, como a ABI, que sempre foi o palco de resist\u00eancia, de liberdade de express\u00e3o dentro do nosso pa\u00eds e que mais uma vez mostra isso honradamente, n\u00e3o s\u00f3 cedendo as acomoda\u00e7\u00f5es para todos n\u00f3s, mas estando aqui representada por um de seus diretores &#8211; o qual nos orgulhamos muito de estar ao seu lado, que \u00e9 o companheiro Henrique Miranda&#8221;.<\/p>\n<p>No curso do evento, foi realizado um agradecimento especial \u00e0s delega\u00e7\u00f5es internacionais, &#8220;que vieram at\u00e9 aqui para estarem conosco nesses dias. Isso para n\u00f3s representa aquilo que chamamos de internacionalismo prolet\u00e1rio, unidade prolet\u00e1ria, unidade da classe oper\u00e1ria&#8221;, considerou Alu\u00edsio Bevil\u00e1qua, que presidia a sess\u00e3o.<\/p>\n<h3>Viva LCP e a RPCML!<\/h3>\n<p>Alu\u00edsio agradeceu mais uma vez a presen\u00e7a dos velhos camaradas das v\u00e1rias fases de lutas travadas pelo povo brasileiro: &#8220;Estamos honrados por estarem aqui, entre n\u00f3s, companheiros que v\u00eam de uma estirpe de revolucion\u00e1rios brasileiros, que deram suas vidas em todos os momentos, tendo em vista dos ensinamentos de uma pessoa que n\u00e3o pode estar presente hoje, fisicamente, conosco, mas que certamente est\u00e1 em nossos cora\u00e7\u00f5es e em nossas mentes &#8211; o Cavaleiro da Esperan\u00e7a, o l\u00edder desse pa\u00eds, que de Norte a Sul levantou todas as popula\u00e7\u00f5es &#8211; Luiz Carlos Prestes. Para n\u00f3s s\u00e3o as li\u00e7\u00f5es que nos trouxeram, s\u00e3o as li\u00e7\u00f5es que nos fizeram juntos lutar por essa palavra de ordem: Refunda\u00e7\u00e3o do Partido Comunista. Estou falando de n\u00f3s, estou falando da nossa luta e estou falando daquilo que vamos construir que \u00e9 a Refunda\u00e7\u00e3o do Partido Comunista marxista-leninista, para determinar a que princ\u00edpios n\u00f3s continuamos fi\u00e9is e vamos continuar at\u00e9 que se edifique dentro do nosso pa\u00eds a verdadeira p\u00e1tria socialista, que n\u00f3s possamos implantar o comunismo em nosso pa\u00eds.<\/p>\n<p>Esta \u00e9 nossa raz\u00e3o de vida e nossa luta, e n\u00e3o podemos nos entregar em momento algum ao neoliberalismo, ao encantamento de alguns momentos da m\u00eddia, pela falsa id\u00e9ia de que o homem ser\u00e1 substitu\u00eddo pela m\u00e1quina, e que a n\u00f3s s\u00f3 nos reservam a morte lenta, fria, nas chacinas, dentro do capitalismo. N\u00e3o! O socialismo \u00e9 poss\u00edvel, o comunismo \u00e9 mais inexor\u00e1vel do que antes. Prova, com todo o desmoronamento de todas as coisas, a continuidade de Cuba socialista; a exist\u00eancia da China, que conseguiu se impor no mundo capitalista e hoje \u00e9 reconhecida internacionalmente como uma for\u00e7a em emerg\u00eancia; como demonstra a exist\u00eancia da Cor\u00e9ia do Norte, cercada por todos os cantos, resistindo; e como demonstra a luta do povo vietnamita. E, finalmente, como demonstram as for\u00e7as que hoje est\u00e3o em pleno combate, no fogo da luta, como as FARC colombianas, aqui representada; e como os camaradas do MRTA, do Peru, que conosco est\u00e3o, como os camaradas zapatistas que mant\u00eam a sua luta. Enfim como mostra a inquietude de todos os povos, de todas as lutas e todos os continentes hoje no mundo.<\/p>\n<h3>Contra a interven\u00e7\u00e3o imperialista na Am\u00e9rica Latina<\/h3>\n<p>A palavra foi dada ao representante das FARC-EP, que destacou, em s\u00edntese, a import\u00e2ncia de que no Brasil, o M5J realize este Congresso para refundar o Partido Comunista, que se guie pelos princ\u00edpios marxistas-leninistas, que lute pela revolu\u00e7\u00e3o socialista no Brasil, e que este ato hist\u00f3rico representa um marco, n\u00e3o s\u00f3 na hist\u00f3ria desse pa\u00eds, como da Am\u00e9rica Latina.<\/p>\n<h3>Mensagens de comunistas hist\u00f3ricos<\/h3>\n<p>Durante o ato foram lidas algumas das mensagens como as do arquiteto Oscar Niemeyer, Zola Florenzano, presidente de honra do M5J e um dos combatentes do Levante de 35; Delci Silveira, combatente da guerra civil espanhola, de Ala\u00edde Pereira Nunes, vi\u00fava do comunista hist\u00f3rico Ad\u00e3o Pereira Nunes; do poeta Moacyr Felix; Bayard Demaria Boiteux; dos partidos irm\u00e3os do estrangeiro, como o KPML (r), da Su\u00e9cia e o PC do Equador, a Corrente Leninista Internacional, A Frente Latino-Americana Contra a Impunidade; o MRTA, no Peru, entre os que manifestaram seu apoio e solidariedade \u00e0 refunda\u00e7\u00e3o do PCML no Brasil.<\/p>\n<h3>&#8220;A hist\u00f3ria verdadeira \u00e9 a da luta de classes&#8221;<\/h3>\n<p>Em seguida, foi dada a palavra a Henrique Miranda, que atrav\u00e9s de um vigoroso discurso reafirmou a tradi\u00e7\u00e3o democr\u00e1tica da ABI: &#8220;Companheiras e companheiros, esta casa foi fundada h\u00e1 92 anos e nela s\u00f3 n\u00e3o entram, com nosso conhecimento e permiss\u00e3o, os fascistas&#8221;. Ele relembrou uma reuni\u00e3o, na ABI, do Comit\u00ea Central do Partido Comunista Franc\u00eas, em que se colocou o debate &#8220;Como se deve escrever a hist\u00f3ria &#8211; do ponto de vista da verdade, ou do ponto de vista da luta de classes?&#8221;. &#8220;Falsa pergunta. Pois a hist\u00f3ria verdadeira \u00e9 a da luta de classes.&#8221; E depois continuou: &#8220;Esta casa tem um jovem \u00e0 sua presid\u00eancia que costuma dizer `n\u00e3o devemos abusar dos privil\u00e9gios da idade, mas, \u00e0s vezes, somos levados \u00e0 isso\u2019. Ent\u00e3o eu me lembro, saudosamente, do conv\u00edvio mais do que pol\u00edtico &#8211; fraternal &#8211; com Luiz Carlos Prestes, com Maur\u00edcio Grabois, com Pedro Pomar, com Amarilio Vasconcelos, mas n\u00e3o devo alongar-me olhando para o passado, porque \u00e9 ainda de um franc\u00eas a defini\u00e7\u00e3o de comunista, comunista companheiro das Farc, \u00e9 o contempor\u00e2neo do futuro, porque o futuro \u00e9 o comunismo&#8221;, salientou Miranda.<\/p>\n<h3>A ALN n\u00e3o foi esquecida<\/h3>\n<p>O representante da ABI presenteou ao PCML, atrav\u00e9s do militante hist\u00f3rico, Jo\u00e3o Gomes, uma c\u00f3pia do Jornal Liberdade, datado de 1935, da cidade de Natal, trazendo os feitos her\u00f3icos do Levante de 35: &#8220;A Alian\u00e7a Nacional Libertadora n\u00e3o pode nem poder\u00e1 ser vencida, porque todos estamos unidos e cada um de n\u00f3s \u00e9 um soldado. Pode apenas a perda de uma batalha mas a luta continuou e continua, e aqui est\u00e1 a prova entre n\u00f3s, neste audit\u00f3rio da ABI, e que de fato, caminhamos para aquilo que \u00e9 fundamental: a unidade revolucion\u00e1ria&#8221;, finaliza.<\/p>\n<h3>DPSU\/It\u00e1lia: por um novo internacionalismo<\/h3>\n<p>Michele Capuano, falou em nome da delega\u00e7\u00e3o da It\u00e1lia, e em termos gerais, saudou a iniciativa hist\u00f3rica de refunda\u00e7\u00e3o, como um passo importante para a refunda\u00e7\u00e3o da internacional comunista, unindo os partidos comunistas, que mant\u00eam-se na defesa dos princ\u00edpios marxistas-leninistas e na luta pela revolu\u00e7\u00e3o socialista, na luta contra a pol\u00edtica neoliberal, que ataca todo o mundo, e com maior crueldade aos pa\u00edses da Am\u00e9rica Latina, \u00c1sia e \u00c1frica.<\/p>\n<h3>Ab\u00edlio de Nequete, presente !!!!<\/h3>\n<p>Um dos momentos mais emocionantes do ato se deu com a presen\u00e7a de Edson de Nequete, filho de Ab\u00edlio de Nequete &#8211; um dos fundadores do Partido Comunista de 1922 e eleito seu primeiro secret\u00e1rio-geral. O filho do revolucion\u00e1rio fez quest\u00e3o de prestigiar o Congresso, como uma continua\u00e7\u00e3o honrada da luta travada por seu pai e por outros revolucion\u00e1rios brasileiros que, em 1922, fundaram o Partido; e enfrentaram de cabe\u00e7a erguida, como seu pai, a rea\u00e7\u00e3o burguesa. Ao ser ovacionado, pediu que os cumprimentos fossem transmitidos, principalmente, \u00e0s mulheres, esposas, m\u00e3es, irm\u00e3s que lutaram pelo Partido Comunista, aos que lutaram pelo povo, aos que sonharam por uma vida melhor numa \u00e9poca terr\u00edvel. E lembrou do revolucion\u00e1rio Ab\u00edlio de Nequete: &#8220;Eu me lembro o quanto meu pai sofreu de persegui\u00e7\u00e3o dos nazistas, dos fascistas em Porto Alegre. Ele que j\u00e1 tinha uma escola de datilografia, de escritura\u00e7\u00e3o mercantil, foi obrigado a voltar a trabalhar como barbeiro pelos integralistas que batiam nos alunos de meu pai, quando estes sa\u00edam da aula. Tenho muito orgulho do meu pai e um orgulho muito grande da minha m\u00e3e, como os senhores tamb\u00e9m orgulham-se das suas m\u00e3es e esposas. Eu n\u00e3o poderia deixar de trazer meu grande abra\u00e7o e a grande emo\u00e7\u00e3o que eu senti ao ver que o sonho n\u00e3o acabou e que n\u00e3o vai acabar nunca&#8221;.<\/p>\n<p>Tamb\u00e9m representando a delega\u00e7\u00e3o da It\u00e1lia, falou Maria Antonieta Artusa (It\u00e1lia): &#8220;a Associa\u00e7\u00e3o da Solidariedade sauda os resistentes da terra, o Partido Comunista Marxista-Leninista, as Farc, e todos aqueles que ainda lutam para um sonho de liberdade, no sentido plural&#8221;.<\/p>\n<p>O professor Andr\u00e9 Laino se disse honrado por participar da mesa e falou aos presentes da tarefa que cabe aos comunistas do PCML de ter como base resgatar as pessoas que est\u00e3o espalhadas e que podem perfeitamente fazer liga\u00e7\u00f5es com outras pessoas do povo, para traz\u00ea-las para o caminho da revolu\u00e7\u00e3o: &#8220;temos muitos companheiros que est\u00e3o lutando no lugar errado, trazer essas pessoas para c\u00e1, isso \u00e9 fundamental. Temos a necessidade de buscar essas pessoas que est\u00e3o em outras agremia\u00e7\u00f5es, em outros partidos&#8221;.<\/p>\n<p>Afonso Celso destacou a import\u00e2ncia do ato de refunda\u00e7\u00e3o do PCML, pois o mesmo n\u00e3o se trata de mais um partido comunista que surge, visto que h\u00e1 v\u00e1rios que se apresentam como partido comunista, mas todos esses que se apresentam como tal em v\u00e1rias sub-denomina\u00e7\u00f5es ou n\u00e3o se consideram ou se proclamam marxista-leninistas, mas que s\u00e3o comunistas de novo tipo, adaptados em \u00e9poca moderna de globaliza\u00e7\u00e3o&#8221;.<\/p>\n<p>O encerramento do ato p\u00fablico, coube a Alu\u00edsio Bevil\u00e1qua, que declarou aberta a primeira sess\u00e3o do Partido Comunista, visto que os dias seguintes do congresso foram reservados aos delegados. A partir desse momento, quando foram lembrados nomes desses comunistas hist\u00f3ricos, a plen\u00e1ria numa s\u00f3 voz, respondeu com: &#8220;presente!&#8221;. Queremos registrar tamb\u00e9m aqui, os 70 camaradas revolucion\u00e1rios, que fi\u00e9is aos seus pontos de vistas e a sua ideologia pol\u00edtica, \u00e0s suas determina\u00e7\u00f5es acerca do processo revolucion\u00e1rio, foram massacrados na Guerrilha do Araguaia: &#8220;quero chamar em particular aten\u00e7\u00e3o para o camarada Maur\u00edcio Grabois, que n\u00e3o era apenas um guerrilheiro daquele momento, mas era um intelectual revolucion\u00e1rio, um formulador, um te\u00f3rico que morreu junto, n\u00e3o \u00e0 caneta, mas ao fuzil. Quero chamar aqui ao companheiro Carlos Lamarca, ao companheiro Marighella e tantos outros revolucion\u00e1rios, como j\u00e1 foram citados, os revolucion\u00e1rios massacrados na Lapa, no &#8220;Massacre da Lapa&#8221;. Se n\u00f3s perguntamos: por que n\u00e3o existe Partido Comunista Marxista-Leninista aqui no Brasil? \u00c9 por isso. Porque a ditadura aqui no Brasil foi cient\u00edfica. Ela n\u00e3o matou qualquer um, ela matou aquele que projetava uma lideran\u00e7a revolucion\u00e1ria, que era capaz teoricamente de formular e que era capaz de organizar politicamente, que era capaz de reagir; a ditadura matou seletivamente, n\u00e3o matou a todos, fez quest\u00e3o de deixar alguns para quando a gente come\u00e7asse a reorganizar, ele tremesse nas bases e come\u00e7asse a aterrorizar os jovens que iriam surgir na luta revolucion\u00e1ria para afast\u00e1-los do caminho da revolu\u00e7\u00e3o.<\/p>\n<p>Mas ela pensou que destruiu todo mundo, os comunistas revolucion\u00e1rios, mas esqueceu das ra\u00edzes profundas e hist\u00f3ricas desse partido. E \u00e9 justamente isso que explica novamente essa reaglutina\u00e7\u00e3o, novamente n\u00f3s estarmos aqui pleiteando essa bandeira de luta: Refunda\u00e7\u00e3o do Partido Comunista, declarando claramente a nossa posi\u00e7\u00e3o, marxista-leninista. Ap\u00f3s serem saudadas as entidades que estiveram presentes, como o Sindipetro, o Sinpra, a Oposi\u00e7\u00e3o Banc\u00e1ria, a Comiss\u00e3o de Demitidos da FNS, Sociedade Brasileira de Cardiologia, o SPMVR; todos encerraram o ato cantando a Internacional e dando vivas ao PCML!<\/p>\n<p>[\/et_pb_text][\/et_pb_column][\/et_pb_row][\/et_pb_section][et_pb_section fb_built=&#8221;1&#8243; admin_label=&#8221;Video Title Section&#8221; _builder_version=&#8221;4.5.3&#8243; background_color=&#8221;#E02B20&#8243; custom_padding=&#8221;120px|0px|60px|0px&#8221; saved_tabs=&#8221;all&#8221; global_colors_info=&#8221;{}&#8221;][\/et_pb_section]<\/p>\n","protected":false},"excerpt":{"rendered":"<p>Abertura p\u00fablica do Congresso de Refunda\u00e7\u00e3o do Partido Comunista (M-L) lota audit\u00f3rio na ABI! O II Congresso do Movimento 5 de Julho teve sua abertura p\u00fablica, no dia 24 de mar\u00e7o de 2000, no Rio de Janeiro, no audit\u00f3rio do nono andar da Associa\u00e7\u00e3o Brasileira de Imprensa (ABI). Estiveram presentes ao evento cerca de 400 [&hellip;]<\/p>\n","protected":false},"author":1,"featured_media":0,"parent":0,"menu_order":0,"comment_status":"closed","ping_status":"closed","template":"","meta":{"_et_pb_use_builder":"on","_et_pb_old_content":"<!-- wp:paragraph -->\n<p>asasa<\/p>\n<!-- \/wp:paragraph -->","_et_gb_content_width":"","footnotes":""},"class_list":["post-31156","page","type-page","status-publish","hentry"],"_links":{"self":[{"href":"https:\/\/pcml.org.br\/index.php?rest_route=\/wp\/v2\/pages\/31156","targetHints":{"allow":["GET"]}}],"collection":[{"href":"https:\/\/pcml.org.br\/index.php?rest_route=\/wp\/v2\/pages"}],"about":[{"href":"https:\/\/pcml.org.br\/index.php?rest_route=\/wp\/v2\/types\/page"}],"author":[{"embeddable":true,"href":"https:\/\/pcml.org.br\/index.php?rest_route=\/wp\/v2\/users\/1"}],"replies":[{"embeddable":true,"href":"https:\/\/pcml.org.br\/index.php?rest_route=%2Fwp%2Fv2%2Fcomments&post=31156"}],"version-history":[{"count":9,"href":"https:\/\/pcml.org.br\/index.php?rest_route=\/wp\/v2\/pages\/31156\/revisions"}],"predecessor-version":[{"id":31282,"href":"https:\/\/pcml.org.br\/index.php?rest_route=\/wp\/v2\/pages\/31156\/revisions\/31282"}],"wp:attachment":[{"href":"https:\/\/pcml.org.br\/index.php?rest_route=%2Fwp%2Fv2%2Fmedia&parent=31156"}],"curies":[{"name":"wp","href":"https:\/\/api.w.org\/{rel}","templated":true}]}}