{"id":31190,"date":"2021-10-16T05:01:18","date_gmt":"2021-10-16T05:01:18","guid":{"rendered":"https:\/\/pcml.org.br\/?page_id=31190"},"modified":"2021-10-16T05:01:36","modified_gmt":"2021-10-16T05:01:36","slug":"mocoes-de-solidariedade-aprovadas-pelo-congresso","status":"publish","type":"page","link":"https:\/\/pcml.org.br\/?page_id=31190","title":{"rendered":"Mo\u00e7\u00f5es de Solidariedade aprovadas pelo Congresso"},"content":{"rendered":"<p>[et_pb_section fb_built=&#8221;1&#8243; fullwidth=&#8221;on&#8221; admin_label=&#8221;Header Section&#8221; _builder_version=&#8221;4.11.2&#8243; background_color=&#8221;#000000&#8243; custom_padding=&#8221;|||&#8221; global_colors_info=&#8221;{}&#8221;][et_pb_fullwidth_header title=&#8221;Mo\u00e7\u00f5es de solidariedade &#8221; subhead=&#8221;Aprovadas pelo Congresso&#8221; text_orientation=&#8221;center&#8221; header_fullscreen=&#8221;on&#8221; header_scroll_down=&#8221;on&#8221; scroll_down_icon=&#8221;%%2%%&#8221; scroll_down_icon_color=&#8221;#ffffff&#8221; background_overlay_color=&#8221;rgba(0,0,0,0.4)&#8221; content_max_width_last_edited=&#8221;off|desktop&#8221; admin_label=&#8221;Contents&#8221; _builder_version=&#8221;4.11.2&#8243; title_font=&#8221;Oswald|||on|&#8221; title_text_align=&#8221;center&#8221; title_font_size=&#8221;80px&#8221; title_letter_spacing=&#8221;0.05em&#8221; title_line_height=&#8221;1.5em&#8221; subhead_font=&#8221;Nunito|600|||||||&#8221; subhead_font_size=&#8221;20px&#8221; subhead_line_height=&#8221;1.9em&#8221; background_color=&#8221;rgba(255, 255, 255, 0)&#8221; background_image=&#8221;https:\/\/pcml.org.br\/wp-content\/uploads\/2021\/10\/Movimento-Fotos_0065.jpg&#8221; parallax=&#8221;on&#8221; parallax_method=&#8221;on&#8221; custom_button_one=&#8221;on&#8221; button_one_text_size=&#8221;15px&#8221; button_one_bg_color=&#8221;#dca57d&#8221; button_one_border_width=&#8221;10px&#8221; button_one_border_color=&#8221;#dca57d&#8221; button_one_border_radius=&#8221;0px&#8221; button_one_letter_spacing=&#8221;3px&#8221; button_one_font=&#8221;Oswald|||on|&#8221; button_one_use_icon=&#8221;off&#8221; animation_style=&#8221;fade&#8221; animation_starting_opacity=&#8221;50%&#8221; animation_speed_curve=&#8221;ease-in&#8221; hover_enabled=&#8221;0&#8243; title_font_size_tablet=&#8221;60px&#8221; title_font_size_phone=&#8221;40px&#8221; title_font_size_last_edited=&#8221;on|tablet&#8221; button_one_border_color_hover=&#8221;#c99872&#8243; button_one_border_radius_hover=&#8221;0px&#8221; button_one_letter_spacing_hover=&#8221;3px&#8221; button_one_bg_color_hover=&#8221;#c99872&#8243; global_colors_info=&#8221;{}&#8221; button_one_text_size__hover_enabled=&#8221;off&#8221; button_two_text_size__hover_enabled=&#8221;off&#8221; button_one_text_color__hover_enabled=&#8221;off&#8221; button_two_text_color__hover_enabled=&#8221;off&#8221; button_one_border_width__hover_enabled=&#8221;off&#8221; button_two_border_width__hover_enabled=&#8221;off&#8221; button_one_border_color__hover_enabled=&#8221;on&#8221; button_one_border_color__hover=&#8221;#c99872&#8243; button_two_border_color__hover_enabled=&#8221;off&#8221; button_one_border_radius__hover_enabled=&#8221;on&#8221; button_one_border_radius__hover=&#8221;0px&#8221; button_two_border_radius__hover_enabled=&#8221;off&#8221; button_one_letter_spacing__hover_enabled=&#8221;on&#8221; button_one_letter_spacing__hover=&#8221;3px&#8221; button_two_letter_spacing__hover_enabled=&#8221;off&#8221; button_one_bg_color__hover_enabled=&#8221;on&#8221; button_one_bg_color__hover=&#8221;#c99872&#8243; button_two_bg_color__hover_enabled=&#8221;off&#8221; title_text=&#8221;Hernan Ramirez, Bevilaqua e niemeyer&#8221; sticky_enabled=&#8221;0&#8243;][\/et_pb_fullwidth_header][\/et_pb_section][et_pb_section fb_built=&#8221;1&#8243; admin_label=&#8221;Coffee Menu&#8221; _builder_version=&#8221;4.5.3&#8243; background_enable_image=&#8221;off&#8221; custom_padding=&#8221;100px||100px|&#8221; global_colors_info=&#8221;{}&#8221;][et_pb_row _builder_version=&#8221;4.5.3&#8243; _module_preset=&#8221;default&#8221; global_colors_info=&#8221;{}&#8221;][et_pb_column type=&#8221;4_4&#8243; _builder_version=&#8221;4.5.3&#8243; _module_preset=&#8221;default&#8221; global_colors_info=&#8221;{}&#8221;][et_pb_text _builder_version=&#8221;4.11.2&#8243; _module_preset=&#8221;default&#8221; global_colors_info=&#8221;{}&#8221;]<\/p>\n<h3>a) &#8220;Mo\u00e7\u00e3o de solidariedade \u00e0s FARC-EP (For\u00e7as Armadas Revolucion\u00e1rias da Col\u00f4mbia &#8211; Ex\u00e9rcito do Povo)&#8221;<\/h3>\n<p>O Congresso pela Refunda\u00e7\u00e3o do Partido Comunista Marxista-Leninista manifesta seu apoio ao processo de di\u00e1logo e negocia\u00e7\u00f5es que v\u00eam desenvolvendo as FARC-EP e o governo na Col\u00f4mbia. Exige o fim da pol\u00edtica de terrorismo de Estado imposta com ajuda norte-americana, e o reconhecimento da condi\u00e7\u00e3o de for\u00e7a beligerante \u00e0s FARC-EP para os efeitos da aplica\u00e7\u00e3o do direito internacional humanit\u00e1rio.<\/p>\n<h3>b) &#8220;Mo\u00e7\u00e3o de solidariedade ao Partido Comunista Colombiano&#8221;<\/h3>\n<p>O Congresso pela Refunda\u00e7\u00e3o do Partido Comunista Marxista-Leninista reafirma o princ\u00edpio da autodetermina\u00e7\u00e3o dos povos e de n\u00e3o interven\u00e7\u00e3o. Portanto, considera que o Brasil n\u00e3o deve fazer parte da ofensiva imperialista agenciada pelos EUA contra a Col\u00f4mbia e rejeita a a\u00e7\u00e3o que impunemente realizam os grupos paramilitares que assassinam os dirigentes oper\u00e1rios, camponeses, estudantes e, em geral, o conjunto do povo que luta contra o neoliberalismo e pela sua liberta\u00e7\u00e3o. O Congresso conclama \u00e0 solidariedade internacionalista e em favor de uma sa\u00edda pol\u00edtica ao atual conflito armada nesse pa\u00eds e pela paz com justi\u00e7a social.<\/p>\n<p>Rio de Janeiro, 24, 25 e 26 de mar\u00e7o, de 2000<\/p>\n<p>Congresso de Refunda\u00e7\u00e3o do Partido Comunista Marxista-Leninista<\/p>\n<p>[\/et_pb_text][\/et_pb_column][\/et_pb_row][\/et_pb_section][et_pb_section fb_built=&#8221;1&#8243; admin_label=&#8221;Video Title Section&#8221; _builder_version=&#8221;4.5.3&#8243; background_color=&#8221;#E02B20&#8243; custom_padding=&#8221;120px|0px|60px|0px&#8221; saved_tabs=&#8221;all&#8221; global_colors_info=&#8221;{}&#8221;][\/et_pb_section]<\/p>\n","protected":false},"excerpt":{"rendered":"<p>a) &#8220;Mo\u00e7\u00e3o de solidariedade \u00e0s FARC-EP (For\u00e7as Armadas Revolucion\u00e1rias da Col\u00f4mbia &#8211; Ex\u00e9rcito do Povo)&#8221; O Congresso pela Refunda\u00e7\u00e3o do Partido Comunista Marxista-Leninista manifesta seu apoio ao processo de di\u00e1logo e negocia\u00e7\u00f5es que v\u00eam desenvolvendo as FARC-EP e o governo na Col\u00f4mbia. Exige o fim da pol\u00edtica de terrorismo de Estado imposta com ajuda norte-americana, [&hellip;]<\/p>\n","protected":false},"author":1,"featured_media":0,"parent":0,"menu_order":0,"comment_status":"closed","ping_status":"closed","template":"","meta":{"_et_pb_use_builder":"on","_et_pb_old_content":"","_et_gb_content_width":"","footnotes":""},"class_list":["post-31190","page","type-page","status-publish","hentry"],"_links":{"self":[{"href":"https:\/\/pcml.org.br\/index.php?rest_route=\/wp\/v2\/pages\/31190","targetHints":{"allow":["GET"]}}],"collection":[{"href":"https:\/\/pcml.org.br\/index.php?rest_route=\/wp\/v2\/pages"}],"about":[{"href":"https:\/\/pcml.org.br\/index.php?rest_route=\/wp\/v2\/types\/page"}],"author":[{"embeddable":true,"href":"https:\/\/pcml.org.br\/index.php?rest_route=\/wp\/v2\/users\/1"}],"replies":[{"embeddable":true,"href":"https:\/\/pcml.org.br\/index.php?rest_route=%2Fwp%2Fv2%2Fcomments&post=31190"}],"version-history":[{"count":4,"href":"https:\/\/pcml.org.br\/index.php?rest_route=\/wp\/v2\/pages\/31190\/revisions"}],"predecessor-version":[{"id":31197,"href":"https:\/\/pcml.org.br\/index.php?rest_route=\/wp\/v2\/pages\/31190\/revisions\/31197"}],"wp:attachment":[{"href":"https:\/\/pcml.org.br\/index.php?rest_route=%2Fwp%2Fv2%2Fmedia&parent=31190"}],"curies":[{"name":"wp","href":"https:\/\/api.w.org\/{rel}","templated":true}]}}