{"id":31226,"date":"2021-10-16T13:41:55","date_gmt":"2021-10-16T13:41:55","guid":{"rendered":"https:\/\/pcml.org.br\/?page_id=31226"},"modified":"2021-10-20T18:48:37","modified_gmt":"2021-10-20T18:48:37","slug":"3o-congresso","status":"publish","type":"page","link":"https:\/\/pcml.org.br\/?page_id=31226","title":{"rendered":"3\u00ba Congresso (2007)"},"content":{"rendered":"\n[et_pb_section fb_built=&#8221;1&#8243; fullwidth=&#8221;on&#8221; admin_label=&#8221;Header Section&#8221; _builder_version=&#8221;4.5.3&#8243; background_color=&#8221;#000000&#8243; custom_padding=&#8221;|||&#8221; global_colors_info=&#8221;{}&#8221;][et_pb_fullwidth_header title=&#8221;III Congresso do PCML&#8221; subhead=&#8221;24, 25 e 26 de setembro de 2007&#8243; text_orientation=&#8221;center&#8221; header_fullscreen=&#8221;on&#8221; header_scroll_down=&#8221;on&#8221; scroll_down_icon=&#8221;%%2%%&#8221; scroll_down_icon_color=&#8221;#ffffff&#8221; background_overlay_color=&#8221;rgba(0,0,0,0.4)&#8221; content_max_width_last_edited=&#8221;off|desktop&#8221; admin_label=&#8221;Contents&#8221; _builder_version=&#8221;4.11.2&#8243; title_font=&#8221;Oswald|||on|&#8221; title_text_align=&#8221;center&#8221; title_font_size=&#8221;80px&#8221; title_letter_spacing=&#8221;0.05em&#8221; title_line_height=&#8221;1.5em&#8221; subhead_font=&#8221;Nunito|600|||||||&#8221; subhead_font_size=&#8221;20px&#8221; subhead_line_height=&#8221;1.9em&#8221; background_color=&#8221;rgba(255, 255, 255, 0)&#8221; background_image=&#8221;https:\/\/pcml.org.br\/wp-content\/uploads\/2021\/10\/3Congresso.jpeg&#8221; parallax=&#8221;on&#8221; parallax_method=&#8221;on&#8221; custom_button_one=&#8221;on&#8221; button_one_text_size=&#8221;15px&#8221; button_one_bg_color=&#8221;#dca57d&#8221; button_one_border_width=&#8221;10px&#8221; button_one_border_color=&#8221;#dca57d&#8221; button_one_border_radius=&#8221;0px&#8221; button_one_letter_spacing=&#8221;3px&#8221; button_one_font=&#8221;Oswald|||on|&#8221; button_one_use_icon=&#8221;off&#8221; custom_margin_tablet=&#8221;&#8221; custom_margin_phone=&#8221;-150px||||false|false&#8221; custom_margin_last_edited=&#8221;on|phone&#8221; animation_style=&#8221;fade&#8221; animation_starting_opacity=&#8221;50%&#8221; animation_speed_curve=&#8221;ease-in&#8221; title_font_size_tablet=&#8221;60px&#8221; title_font_size_phone=&#8221;30px&#8221; title_font_size_last_edited=&#8221;on|tablet&#8221; background_last_edited=&#8221;on|phone&#8221; parallax_phone=&#8221;off&#8221; background_size_phone=&#8221;contain&#8221; background_position_phone=&#8221;bottom_center&#8221; button_one_border_color_hover=&#8221;#c99872&#8243; button_one_border_radius_hover=&#8221;0px&#8221; button_one_letter_spacing_hover=&#8221;3px&#8221; button_one_bg_color_hover=&#8221;#c99872&#8243; global_colors_info=&#8221;{}&#8221; button_one_text_size__hover_enabled=&#8221;off&#8221; button_two_text_size__hover_enabled=&#8221;off&#8221; button_one_text_color__hover_enabled=&#8221;off&#8221; button_two_text_color__hover_enabled=&#8221;off&#8221; button_one_border_width__hover_enabled=&#8221;off&#8221; button_two_border_width__hover_enabled=&#8221;off&#8221; button_one_border_color__hover_enabled=&#8221;on&#8221; button_one_border_color__hover=&#8221;#c99872&#8243; button_two_border_color__hover_enabled=&#8221;off&#8221; button_one_border_radius__hover_enabled=&#8221;on&#8221; button_one_border_radius__hover=&#8221;0px&#8221; button_two_border_radius__hover_enabled=&#8221;off&#8221; button_one_letter_spacing__hover_enabled=&#8221;on&#8221; button_one_letter_spacing__hover=&#8221;3px&#8221; button_two_letter_spacing__hover_enabled=&#8221;off&#8221; button_one_bg_color__hover_enabled=&#8221;on&#8221; button_one_bg_color__hover=&#8221;#c99872&#8243; button_two_bg_color__hover_enabled=&#8221;off&#8221;][\/et_pb_fullwidth_header][\/et_pb_section][et_pb_section fb_built=&#8221;1&#8243; admin_label=&#8221;Coffee Menu&#8221; _builder_version=&#8221;4.5.3&#8243; background_enable_image=&#8221;off&#8221; custom_padding=&#8221;100px||100px|&#8221; global_colors_info=&#8221;{}&#8221;][et_pb_row admin_label=&#8221;Section Header&#8221; _builder_version=&#8221;3.25&#8243; module_alignment=&#8221;center&#8221; custom_margin=&#8221;|414px||auto||&#8221; custom_padding=&#8221;40px|0px|40px|0px&#8221; global_colors_info=&#8221;{}&#8221;][et_pb_column type=&#8221;4_4&#8243; _builder_version=&#8221;3.25&#8243; custom_padding=&#8221;|||&#8221; global_colors_info=&#8221;{}&#8221; custom_padding__hover=&#8221;|||&#8221;][et_pb_text admin_label=&#8221;Tittle&#8221; _builder_version=&#8221;4.10.6&#8243; text_font=&#8221;Nunito||||||||&#8221; text_line_height=&#8221;1.8em&#8221; header_font=&#8221;||||||||&#8221; header_2_font=&#8221;Oswald|||on|||||&#8221; header_2_text_align=&#8221;center&#8221; header_2_font_size=&#8221;40px&#8221; header_2_letter_spacing=&#8221;1px&#8221; header_2_line_height=&#8221;1.5em&#8221; header_3_font=&#8221;||||||||&#8221; max_width=&#8221;600px&#8221; max_width_last_edited=&#8221;off|desktop&#8221; module_alignment=&#8221;center&#8221; custom_margin=&#8221;|||&#8221; global_colors_info=&#8221;{}&#8221;]<h2>O Partido Comunista Marxista Leninista (PCML-Br) realizou nos dias 24, 25 e 26 de setembro de 2007, no estado do Rio de Janeiro, o seu III Congresso nacional.<\/h2>[\/et_pb_text][\/et_pb_column][\/et_pb_row][et_pb_row column_structure=&#8221;1_3,1_3,1_3&#8243; admin_label=&#8221;Coffee items&#8221; _builder_version=&#8221;3.25&#8243; custom_margin=&#8221;|||&#8221; custom_padding=&#8221;60px|0px|60px|0px&#8221; global_colors_info=&#8221;{}&#8221;][et_pb_column type=&#8221;1_3&#8243; _builder_version=&#8221;3.25&#8243; custom_padding=&#8221;|||&#8221; global_colors_info=&#8221;{}&#8221; custom_padding__hover=&#8221;|||&#8221;][\/et_pb_column][et_pb_column type=&#8221;1_3&#8243; _builder_version=&#8221;3.25&#8243; custom_padding=&#8221;|||&#8221; global_colors_info=&#8221;{}&#8221; custom_padding__hover=&#8221;|||&#8221;][et_pb_blurb title=&#8221;Adquira as Resolu\u00e7\u00f5es Pol\u00edticas aprovadas no 3\u00ba Congresso&#8221; url=&#8221;https:\/\/cooperativa.inverta.org\/loja\/jornais\/3-congresso-do-pcml-br-resolucoes-politicas\/&#8221; url_new_window=&#8221;on&#8221; image=&#8221;https:\/\/pcml.org.br\/wp-content\/uploads\/2021\/10\/capa_teses_pcml_3cong.jpg&#8221; image_max_width=&#8221;280px&#8221; admin_label=&#8221;coffee Item&#8221; _builder_version=&#8221;4.11.2&#8243; _dynamic_attributes=&#8221;url&#8221; header_font=&#8221;Oswald|||on|&#8221; header_text_align=&#8221;center&#8221; header_font_size=&#8221;20px&#8221; header_letter_spacing=&#8221;1px&#8221; header_line_height=&#8221;1.7em&#8221; body_font=&#8221;Nunito||||&#8221; body_text_align=&#8221;center&#8221; body_font_size=&#8221;18px&#8221; body_line_height=&#8221;1.8em&#8221; text_orientation=&#8221;center&#8221; animation=&#8221;right&#8221; hover_enabled=&#8221;0&#8243; global_colors_info=&#8221;{}&#8221; sticky_enabled=&#8221;0&#8243;][\/et_pb_blurb][\/et_pb_column][et_pb_column type=&#8221;1_3&#8243; _builder_version=&#8221;3.25&#8243; custom_padding=&#8221;|||&#8221; global_colors_info=&#8221;{}&#8221; custom_padding__hover=&#8221;|||&#8221;][\/et_pb_column][\/et_pb_row][et_pb_row _builder_version=&#8221;4.11.2&#8243; _module_preset=&#8221;default&#8221;][et_pb_column _builder_version=&#8221;4.11.2&#8243; _module_preset=&#8221;default&#8221; type=&#8221;4_4&#8243;][et_pb_text _builder_version=&#8221;4.11.2&#8243; _module_preset=&#8221;default&#8221; hover_enabled=&#8221;0&#8243; sticky_enabled=&#8221;0&#8243;]<h1>Apresenta\u00e7\u00e3o<\/h1>\n<p>&nbsp;<\/p>\n<p>O Suplemento Voz Oper\u00e1ria, em sua edi\u00e7\u00e3o de dezembro de 2007, traz as Resolu\u00e7\u00f5es Pol\u00edticas do III Congresso do Partido Comunista Marxista\u00adLeninista (PCML\u00adBr) realizado nos dias 24, 25 e 26 de setembro de 2007, no estado do Rio de Janeiro.<\/p>\n<p>A atividade partid\u00e1ria foi precedida pela comemora\u00e7\u00e3o do 16\u00ba anivers\u00e1rio do Jornal INVERTA e pelo 15\u00ba ano da reimpress\u00e3o do Jornal Granma Internacional no Brasil, quando foi realizado o IV Semin\u00e1rio Internacional de Luta Contra o Neoliberalismo, que teve como destaque, em seu car\u00e1ter inter\u00ad <br \/>nacional, o lan\u00e7amento da Coordenadora Continental Bolivariana \u00ad Cap\u00edtulo Brasil \u00ad Luiz Carlos Prestes.<\/p>\n<p>Mais uma vez foram reafirmados os princ\u00edpios leninistas de organiza\u00e7\u00e3o e o papel revolucion\u00e1rio de seu \u00f3rg\u00e3o central, o Jornal INVERTA, o qual foi reconhecido pelos delegados ao Congresso e convidados nacionais e estrangeiros, bem como a necessidade de manuten\u00e7\u00e3o econ\u00f4mica e amplia\u00e7\u00e3o de sua dis\u00adtribui\u00e7\u00e3o para que o peri\u00f3dico cumpra com cada vez mais efi\u00adci\u00eancia sua tarefa hist\u00f3rica de Voz Oper\u00e1ria.<\/p>\n<p>O Partido Comunista Marxista\u00adLeninista outorgou a meda\u00adlha Oscar Niemeyer, em sua primeira edi\u00e7\u00e3o, a duas personali\u00addades essenciais ao ide\u00e1rio pelo qual lutamos: a Revolu\u00e7\u00e3o Comunista, ao presidente de Cuba, Comandante Fidel Castro Ruz, e ao arquiteto comunista Oscar Niemeyer.<\/p>\n<p>O Congresso contou com a presen\u00e7a de delegados oriundos de v\u00e1rios estados brasileiros e convidados internacionais re\u00adpresentantes de organiza\u00e7\u00f5es pol\u00edticas e partid\u00e1rias da Am\u00e9ri\u00adca Latina. Teve como discuss\u00e3o central a linha de massas do Partido e a atua\u00e7\u00e3o de seus militantes em defesa das necessida\u00addes mais emergenciais do povo trabalhador no Brasil e no que tange ao internacionalismo prolet\u00e1rio, a necessidade de uma <br \/>maior unidade com a luta e resist\u00eancia revolucion\u00e1rias dos po\u00advos latino\u00adamericanos e a onda revolucion\u00e1ria que envolve a Am\u00e9rica Latina, sua import\u00e2ncia, em v\u00e1rios n\u00edveis, aos povos de Nossa Am\u00e9rica.<\/p>\n<p>A Tese I \u2013 Sobre a Crise do Capital analisa a conjuntura nacional e internacional, que tem confirmado as teses funda\u00admentais do PCML, considerando os fatos e acontecimentos pol\u00edticos, econ\u00f4micos e sociais apresentados, sobretudo, a par\u00adtir do retorno das crises c\u00edclicas do Capital de 1987 e 1998 e a que instaurou no segundo semestre de 2007. O adendo A traz como contribui\u00e7\u00e3o a an\u00e1lise do cen\u00e1rio pol\u00edtico de ascens\u00e3o da esquerda na Am\u00e9rica Latina e no Brasil. O adendo B aprofunda o necess\u00e1rio debate sobre o problema da Revolu\u00e7\u00e3o no Brasil no segundo governo de Lula.<\/p>\n<p>A Tese II apresenta as tarefas do PCML para o tri\u00eanio 2007\u00ad-2010.<\/p>\n<p>A Tese III Sobre a organiza\u00e7\u00e3o de massas define segundo os princ\u00edpios leninistas de organiza\u00e7\u00e3o, levando em considera\u00e7\u00e3o o debate do III Congresso, nossa concep\u00e7\u00e3o sobre a linha de mas\u00adsas. Como e quando devemos atuar. O adendo \u00e0 Tese III reafirma o movimento como organiza\u00e7\u00e3o para tomar o poder e movimen\u00adto como embri\u00e3o do poder popular.<\/p>\n<p>A Tese IV \u2013 Revolu\u00e7\u00e3o, sindicalismo e governo Lula coloca as tarefas dos comunistas revolucion\u00e1\u00e0ios e do PCML diante do quadro de arrefecimento da luta dos trabalhadores durante o atual governo, no sentido de soerguer a luta pela unidade a fim de que os mesmos cumpram o seu papel hist\u00f3rico no pro\u00adcesso revolucion\u00e1rio no Brasil.<\/p>\n<p>As resolu\u00e7\u00f5es pol\u00edticas apresentadas e que s\u00e3o publicadas agora foram aprovadas no III Congresso do PCML, quando foram ratificados os membros do Comit\u00ea Central e do Conse\u00adlho do PCML (Br).<\/p>[\/et_pb_text][\/et_pb_column][\/et_pb_row][\/et_pb_section][et_pb_section fb_built=&#8221;1&#8243; admin_label=&#8221;Video Title Section&#8221; _builder_version=&#8221;4.10.6&#8243; background_color=&#8221;#d40000&#8243; custom_padding=&#8221;120px|0px|60px|0px&#8221; saved_tabs=&#8221;all&#8221; global_colors_info=&#8221;{}&#8221;][\/et_pb_section]\n","protected":false},"excerpt":{"rendered":"<p>O Partido Comunista Marxista Leninista (PCML-Br) realizou nos dias 24, 25 e 26 de setembro de 2007, no estado do Rio de Janeiro, o seu III Congresso nacional.Apresenta\u00e7\u00e3o &nbsp; O Suplemento Voz Oper\u00e1ria, em sua edi\u00e7\u00e3o de dezembro de 2007, traz as Resolu\u00e7\u00f5es Pol\u00edticas do III Congresso do Partido Comunista Marxista\u00adLeninista (PCML\u00adBr) realizado nos dias [&hellip;]<\/p>\n","protected":false},"author":1,"featured_media":0,"parent":0,"menu_order":0,"comment_status":"closed","ping_status":"closed","template":"","meta":{"_et_pb_use_builder":"on","_et_pb_old_content":"","_et_gb_content_width":"","footnotes":""},"class_list":["post-31226","page","type-page","status-publish","hentry"],"_links":{"self":[{"href":"https:\/\/pcml.org.br\/index.php?rest_route=\/wp\/v2\/pages\/31226","targetHints":{"allow":["GET"]}}],"collection":[{"href":"https:\/\/pcml.org.br\/index.php?rest_route=\/wp\/v2\/pages"}],"about":[{"href":"https:\/\/pcml.org.br\/index.php?rest_route=\/wp\/v2\/types\/page"}],"author":[{"embeddable":true,"href":"https:\/\/pcml.org.br\/index.php?rest_route=\/wp\/v2\/users\/1"}],"replies":[{"embeddable":true,"href":"https:\/\/pcml.org.br\/index.php?rest_route=%2Fwp%2Fv2%2Fcomments&post=31226"}],"version-history":[{"count":9,"href":"https:\/\/pcml.org.br\/index.php?rest_route=\/wp\/v2\/pages\/31226\/revisions"}],"predecessor-version":[{"id":31317,"href":"https:\/\/pcml.org.br\/index.php?rest_route=\/wp\/v2\/pages\/31226\/revisions\/31317"}],"wp:attachment":[{"href":"https:\/\/pcml.org.br\/index.php?rest_route=%2Fwp%2Fv2%2Fmedia&parent=31226"}],"curies":[{"name":"wp","href":"https:\/\/api.w.org\/{rel}","templated":true}]}}

3º Congresso (2007)

[et_pb_section fb_built=&#8221;1&#8243; fullwidth=&#8221;on&#8221; admin_label=&#8221;Header Section&#8221; _builder_version=&#8221;4.5.3&#8243; background_color=&#8221;#000000&#8243; custom_padding=&#8221;|||&#8221; global_colors_info=&#8221;{}&#8221;][et_pb_fullwidth_header title=&#8221;III Congresso do PCML&#8221; subhead=&#8221;24, 25 e 26 de setembro de 2007&#8243; text_orientation=&#8221;center&#8221; header_fullscreen=&#8221;on&#8221; header_scroll_down=&#8221;on&#8221; scroll_down_icon=&#8221;%%2%%&#8221; scroll_down_icon_color=&#8221;#ffffff&#8221; background_overlay_color=&#8221;rgba(0,0,0,0.4)&#8221; content_max_width_last_edited=&#8221;off|desktop&#8221; admin_label=&#8221;Contents&#8221; _builder_version=&#8221;4.11.2&#8243; title_font=&#8221;Oswald|||on|&#8221; title_text_align=&#8221;center&#8221; title_font_size=&#8221;80px&#8221; title_letter_spacing=&#8221;0.05em&#8221; title_line_height=&#8221;1.5em&#8221; subhead_font=&#8221;Nunito|600|||||||&#8221; subhead_font_size=&#8221;20px&#8221; subhead_line_height=&#8221;1.9em&#8221; background_color=&#8221;rgba(255, 255, 255, 0)&#8221; background_image=&#8221;https://pcml.org.br/wp-content/uploads/2021/10/3Congresso.jpeg&#8221; parallax=&#8221;on&#8221; parallax_method=&#8221;on&#8221; custom_button_one=&#8221;on&#8221; button_one_text_size=&#8221;15px&#8221; button_one_bg_color=&#8221;#dca57d&#8221; button_one_border_width=&#8221;10px&#8221; button_one_border_color=&#8221;#dca57d&#8221; button_one_border_radius=&#8221;0px&#8221; button_one_letter_spacing=&#8221;3px&#8221; button_one_font=&#8221;Oswald|||on|&#8221; button_one_use_icon=&#8221;off&#8221; custom_margin_tablet=&#8221;&#8221; custom_margin_phone=&#8221;-150px||||false|false&#8221; custom_margin_last_edited=&#8221;on|phone&#8221; animation_style=&#8221;fade&#8221; animation_starting_opacity=&#8221;50%&#8221; animation_speed_curve=&#8221;ease-in&#8221; title_font_size_tablet=&#8221;60px&#8221; title_font_size_phone=&#8221;30px&#8221; title_font_size_last_edited=&#8221;on|tablet&#8221; background_last_edited=&#8221;on|phone&#8221; parallax_phone=&#8221;off&#8221; background_size_phone=&#8221;contain&#8221; background_position_phone=&#8221;bottom_center&#8221; button_one_border_color_hover=&#8221;#c99872&#8243; button_one_border_radius_hover=&#8221;0px&#8221; button_one_letter_spacing_hover=&#8221;3px&#8221; button_one_bg_color_hover=&#8221;#c99872&#8243; global_colors_info=&#8221;{}&#8221; button_one_text_size__hover_enabled=&#8221;off&#8221; button_two_text_size__hover_enabled=&#8221;off&#8221; button_one_text_color__hover_enabled=&#8221;off&#8221; button_two_text_color__hover_enabled=&#8221;off&#8221; button_one_border_width__hover_enabled=&#8221;off&#8221; button_two_border_width__hover_enabled=&#8221;off&#8221; button_one_border_color__hover_enabled=&#8221;on&#8221; button_one_border_color__hover=&#8221;#c99872&#8243; button_two_border_color__hover_enabled=&#8221;off&#8221; button_one_border_radius__hover_enabled=&#8221;on&#8221; button_one_border_radius__hover=&#8221;0px&#8221; button_two_border_radius__hover_enabled=&#8221;off&#8221; button_one_letter_spacing__hover_enabled=&#8221;on&#8221; button_one_letter_spacing__hover=&#8221;3px&#8221; button_two_letter_spacing__hover_enabled=&#8221;off&#8221; button_one_bg_color__hover_enabled=&#8221;on&#8221; button_one_bg_color__hover=&#8221;#c99872&#8243; button_two_bg_color__hover_enabled=&#8221;off&#8221;][/et_pb_fullwidth_header][/et_pb_section][et_pb_section fb_built=&#8221;1&#8243; admin_label=&#8221;Coffee Menu&#8221; _builder_version=&#8221;4.5.3&#8243; background_enable_image=&#8221;off&#8221; custom_padding=&#8221;100px||100px|&#8221; global_colors_info=&#8221;{}&#8221;][et_pb_row admin_label=&#8221;Section Header&#8221; _builder_version=&#8221;3.25&#8243; module_alignment=&#8221;center&#8221; custom_margin=&#8221;|414px||auto||&#8221; custom_padding=&#8221;40px|0px|40px|0px&#8221; global_colors_info=&#8221;{}&#8221;][et_pb_column type=&#8221;4_4&#8243; _builder_version=&#8221;3.25&#8243; custom_padding=&#8221;|||&#8221; global_colors_info=&#8221;{}&#8221; custom_padding__hover=&#8221;|||&#8221;][et_pb_text admin_label=&#8221;Tittle&#8221; _builder_version=&#8221;4.10.6&#8243; text_font=&#8221;Nunito||||||||&#8221; text_line_height=&#8221;1.8em&#8221; header_font=&#8221;||||||||&#8221; header_2_font=&#8221;Oswald|||on|||||&#8221; header_2_text_align=&#8221;center&#8221; header_2_font_size=&#8221;40px&#8221; header_2_letter_spacing=&#8221;1px&#8221; header_2_line_height=&#8221;1.5em&#8221; header_3_font=&#8221;||||||||&#8221; max_width=&#8221;600px&#8221; max_width_last_edited=&#8221;off|desktop&#8221; module_alignment=&#8221;center&#8221; custom_margin=&#8221;|||&#8221; global_colors_info=&#8221;{}&#8221;]<h2>O Partido Comunista Marxista Leninista (PCML-Br) realizou nos dias 24, 25 e 26 de setembro de 2007, no estado do Rio de Janeiro, o seu III Congresso nacional.</h2>[/et_pb_text][/et_pb_column][/et_pb_row][et_pb_row column_structure=&#8221;1_3,1_3,1_3&#8243; admin_label=&#8221;Coffee items&#8221; _builder_version=&#8221;3.25&#8243; custom_margin=&#8221;|||&#8221; custom_padding=&#8221;60px|0px|60px|0px&#8221; global_colors_info=&#8221;{}&#8221;][et_pb_column type=&#8221;1_3&#8243; _builder_version=&#8221;3.25&#8243; custom_padding=&#8221;|||&#8221; global_colors_info=&#8221;{}&#8221; custom_padding__hover=&#8221;|||&#8221;][/et_pb_column][et_pb_column type=&#8221;1_3&#8243; _builder_version=&#8221;3.25&#8243; custom_padding=&#8221;|||&#8221; global_colors_info=&#8221;{}&#8221; custom_padding__hover=&#8221;|||&#8221;][et_pb_blurb title=&#8221;Adquira as Resoluções Políticas aprovadas no 3º Congresso&#8221; url=&#8221;https://cooperativa.inverta.org/loja/jornais/3-congresso-do-pcml-br-resolucoes-politicas/&#8221; url_new_window=&#8221;on&#8221; image=&#8221;https://pcml.org.br/wp-content/uploads/2021/10/capa_teses_pcml_3cong.jpg&#8221; image_max_width=&#8221;280px&#8221; admin_label=&#8221;coffee Item&#8221; _builder_version=&#8221;4.11.2&#8243; _dynamic_attributes=&#8221;url&#8221; header_font=&#8221;Oswald|||on|&#8221; header_text_align=&#8221;center&#8221; header_font_size=&#8221;20px&#8221; header_letter_spacing=&#8221;1px&#8221; header_line_height=&#8221;1.7em&#8221; body_font=&#8221;Nunito||||&#8221; body_text_align=&#8221;center&#8221; body_font_size=&#8221;18px&#8221; body_line_height=&#8221;1.8em&#8221; text_orientation=&#8221;center&#8221; animation=&#8221;right&#8221; hover_enabled=&#8221;0&#8243; global_colors_info=&#8221;{}&#8221; sticky_enabled=&#8221;0&#8243;][/et_pb_blurb][/et_pb_column][et_pb_column type=&#8221;1_3&#8243; _builder_version=&#8221;3.25&#8243; custom_padding=&#8221;|||&#8221; global_colors_info=&#8221;{}&#8221; custom_padding__hover=&#8221;|||&#8221;][/et_pb_column][/et_pb_row][et_pb_row _builder_version=&#8221;4.11.2&#8243; _module_preset=&#8221;default&#8221;][et_pb_column _builder_version=&#8221;4.11.2&#8243; _module_preset=&#8221;default&#8221; type=&#8221;4_4&#8243;][et_pb_text _builder_version=&#8221;4.11.2&#8243; _module_preset=&#8221;default&#8221; hover_enabled=&#8221;0&#8243; sticky_enabled=&#8221;0&#8243;]<h1>Apresentação</h1>
<p>&nbsp;</p>
<p>O Suplemento Voz Operária, em sua edição de dezembro de 2007, traz as Resoluções Políticas do III Congresso do Partido Comunista Marxista­Leninista (PCML­Br) realizado nos dias 24, 25 e 26 de setembro de 2007, no estado do Rio de Janeiro.</p>
<p>A atividade partidária foi precedida pela comemoração do 16º aniversário do Jornal INVERTA e pelo 15º ano da reimpressão do Jornal Granma Internacional no Brasil, quando foi realizado o IV Seminário Internacional de Luta Contra o Neoliberalismo, que teve como destaque, em seu caráter inter­ <br />nacional, o lançamento da Coordenadora Continental Bolivariana ­ Capítulo Brasil ­ Luiz Carlos Prestes.</p>
<p>Mais uma vez foram reafirmados os princípios leninistas de organização e o papel revolucionário de seu órgão central, o Jornal INVERTA, o qual foi reconhecido pelos delegados ao Congresso e convidados nacionais e estrangeiros, bem como a necessidade de manutenção econômica e ampliação de sua dis­tribuição para que o periódico cumpra com cada vez mais efi­ciência sua tarefa histórica de Voz Operária.</p>
<p>O Partido Comunista Marxista­Leninista outorgou a meda­lha Oscar Niemeyer, em sua primeira edição, a duas personali­dades essenciais ao ideário pelo qual lutamos: a Revolução Comunista, ao presidente de Cuba, Comandante Fidel Castro Ruz, e ao arquiteto comunista Oscar Niemeyer.</p>
<p>O Congresso contou com a presença de delegados oriundos de vários estados brasileiros e convidados internacionais re­presentantes de organizações políticas e partidárias da Améri­ca Latina. Teve como discussão central a linha de massas do Partido e a atuação de seus militantes em defesa das necessida­des mais emergenciais do povo trabalhador no Brasil e no que tange ao internacionalismo proletário, a necessidade de uma <br />maior unidade com a luta e resistência revolucionárias dos po­vos latino­americanos e a onda revolucionária que envolve a América Latina, sua importância, em vários níveis, aos povos de Nossa América.</p>
<p>A Tese I – Sobre a Crise do Capital analisa a conjuntura nacional e internacional, que tem confirmado as teses funda­mentais do PCML, considerando os fatos e acontecimentos políticos, econômicos e sociais apresentados, sobretudo, a par­tir do retorno das crises cíclicas do Capital de 1987 e 1998 e a que instaurou no segundo semestre de 2007. O adendo A traz como contribuição a análise do cenário político de ascensão da esquerda na América Latina e no Brasil. O adendo B aprofunda o necessário debate sobre o problema da Revolução no Brasil no segundo governo de Lula.</p>
<p>A Tese II apresenta as tarefas do PCML para o triênio 2007­-2010.</p>
<p>A Tese III Sobre a organização de massas define segundo os princípios leninistas de organização, levando em consideração o debate do III Congresso, nossa concepção sobre a linha de mas­sas. Como e quando devemos atuar. O adendo à Tese III reafirma o movimento como organização para tomar o poder e movimen­to como embrião do poder popular.</p>
<p>A Tese IV – Revolução, sindicalismo e governo Lula coloca as tarefas dos comunistas revolucionáàios e do PCML diante do quadro de arrefecimento da luta dos trabalhadores durante o atual governo, no sentido de soerguer a luta pela unidade a fim de que os mesmos cumpram o seu papel histórico no pro­cesso revolucionário no Brasil.</p>
<p>As resoluções políticas apresentadas e que são publicadas agora foram aprovadas no III Congresso do PCML, quando foram ratificados os membros do Comitê Central e do Conse­lho do PCML (Br).</p>[/et_pb_text][/et_pb_column][/et_pb_row][/et_pb_section][et_pb_section fb_built=&#8221;1&#8243; admin_label=&#8221;Video Title Section&#8221; _builder_version=&#8221;4.10.6&#8243; background_color=&#8221;#d40000&#8243; custom_padding=&#8221;120px|0px|60px|0px&#8221; saved_tabs=&#8221;all&#8221; global_colors_info=&#8221;{}&#8221;][/et_pb_section]

<p>O Partido Comunista Marxista Leninista (PCML-Br) realizou nos dias 24, 25 e 26 de setembro de 2007, no estado do Rio de Janeiro, o seu III Congresso nacional.Apresentação &nbsp; O Suplemento Voz Operária, em sua edição de dezembro de 2007, traz as Resoluções Políticas do III Congresso do Partido Comunista Marxista­Leninista (PCML­Br) realizado nos dias [&hellip;]</p>
