{"id":31239,"date":"2021-10-16T14:35:59","date_gmt":"2021-10-16T14:35:59","guid":{"rendered":"https:\/\/pcml.org.br\/?page_id=31239"},"modified":"2021-10-20T18:48:07","modified_gmt":"2021-10-20T18:48:07","slug":"2o-congresso-do-pcml-br","status":"publish","type":"page","link":"https:\/\/pcml.org.br\/?page_id=31239","title":{"rendered":"2\u00ba Congresso do PCML (2003)"},"content":{"rendered":"\n[et_pb_section fb_built=&#8221;1&#8243; fullwidth=&#8221;on&#8221; admin_label=&#8221;Header Section&#8221; _builder_version=&#8221;4.5.3&#8243; background_color=&#8221;#000000&#8243; custom_padding=&#8221;|||&#8221; global_colors_info=&#8221;{}&#8221;][et_pb_fullwidth_header title=&#8221;2\u00ba Congresso do PCML&#8221; subhead=&#8221;21 de setembro de 2003&#8243; text_orientation=&#8221;center&#8221; header_fullscreen=&#8221;on&#8221; header_scroll_down=&#8221;on&#8221; scroll_down_icon=&#8221;%%2%%&#8221; scroll_down_icon_color=&#8221;#ffffff&#8221; background_overlay_color=&#8221;rgba(0,0,0,0.4)&#8221; content_max_width_last_edited=&#8221;off|desktop&#8221; admin_label=&#8221;Contents&#8221; _builder_version=&#8221;4.11.2&#8243; title_font=&#8221;Oswald|||on|&#8221; title_text_align=&#8221;center&#8221; title_font_size=&#8221;80px&#8221; title_letter_spacing=&#8221;0.05em&#8221; title_line_height=&#8221;1.5em&#8221; subhead_font=&#8221;Nunito|600|||||||&#8221; subhead_font_size=&#8221;20px&#8221; subhead_line_height=&#8221;1.9em&#8221; background_color=&#8221;#E02B20&#8243; parallax=&#8221;on&#8221; parallax_method=&#8221;on&#8221; custom_button_one=&#8221;on&#8221; button_one_text_size=&#8221;15px&#8221; button_one_bg_color=&#8221;#dca57d&#8221; button_one_border_width=&#8221;10px&#8221; button_one_border_color=&#8221;#dca57d&#8221; button_one_border_radius=&#8221;0px&#8221; button_one_letter_spacing=&#8221;3px&#8221; button_one_font=&#8221;Oswald|||on|&#8221; button_one_use_icon=&#8221;off&#8221; animation_style=&#8221;fade&#8221; animation_starting_opacity=&#8221;50%&#8221; animation_speed_curve=&#8221;ease-in&#8221; hover_enabled=&#8221;0&#8243; title_font_size_tablet=&#8221;60px&#8221; title_font_size_phone=&#8221;40px&#8221; title_font_size_last_edited=&#8221;on|tablet&#8221; button_one_border_color_hover=&#8221;#c99872&#8243; button_one_border_radius_hover=&#8221;0px&#8221; button_one_letter_spacing_hover=&#8221;3px&#8221; button_one_bg_color_hover=&#8221;#c99872&#8243; global_colors_info=&#8221;{}&#8221; button_one_text_size__hover_enabled=&#8221;off&#8221; button_two_text_size__hover_enabled=&#8221;off&#8221; button_one_text_color__hover_enabled=&#8221;off&#8221; button_two_text_color__hover_enabled=&#8221;off&#8221; button_one_border_width__hover_enabled=&#8221;off&#8221; button_two_border_width__hover_enabled=&#8221;off&#8221; button_one_border_color__hover_enabled=&#8221;on&#8221; button_one_border_color__hover=&#8221;#c99872&#8243; button_two_border_color__hover_enabled=&#8221;off&#8221; button_one_border_radius__hover_enabled=&#8221;on&#8221; button_one_border_radius__hover=&#8221;0px&#8221; button_two_border_radius__hover_enabled=&#8221;off&#8221; button_one_letter_spacing__hover_enabled=&#8221;on&#8221; button_one_letter_spacing__hover=&#8221;3px&#8221; button_two_letter_spacing__hover_enabled=&#8221;off&#8221; button_one_bg_color__hover_enabled=&#8221;on&#8221; button_one_bg_color__hover=&#8221;#c99872&#8243; button_two_bg_color__hover_enabled=&#8221;off&#8221; background_enable_image=&#8221;off&#8221; sticky_enabled=&#8221;0&#8243;][\/et_pb_fullwidth_header][\/et_pb_section][et_pb_section fb_built=&#8221;1&#8243; admin_label=&#8221;Coffee Menu&#8221; _builder_version=&#8221;4.5.3&#8243; background_enable_image=&#8221;off&#8221; custom_padding=&#8221;100px||100px|&#8221; global_colors_info=&#8221;{}&#8221;][et_pb_row admin_label=&#8221;Section Header&#8221; _builder_version=&#8221;3.25&#8243; module_alignment=&#8221;center&#8221; custom_margin=&#8221;|414px||auto||&#8221; custom_padding=&#8221;40px|0px|40px|0px&#8221; global_colors_info=&#8221;{}&#8221;][et_pb_column type=&#8221;4_4&#8243; _builder_version=&#8221;3.25&#8243; custom_padding=&#8221;|||&#8221; global_colors_info=&#8221;{}&#8221; custom_padding__hover=&#8221;|||&#8221;][et_pb_text admin_label=&#8221;Tittle&#8221; _builder_version=&#8221;4.11.2&#8243; text_font=&#8221;Nunito||||||||&#8221; text_line_height=&#8221;1.8em&#8221; header_font=&#8221;||||||||&#8221; header_2_font=&#8221;Oswald|||on|||||&#8221; header_2_text_align=&#8221;center&#8221; header_2_font_size=&#8221;40px&#8221; header_2_letter_spacing=&#8221;1px&#8221; header_2_line_height=&#8221;1.5em&#8221; header_3_font=&#8221;||||||||&#8221; max_width=&#8221;600px&#8221; max_width_last_edited=&#8221;off|desktop&#8221; module_alignment=&#8221;center&#8221; custom_margin=&#8221;|||&#8221; global_colors_info=&#8221;{}&#8221;]<h1 class=\"documentFirstHeading\">O II Congresso do PCML e a necess\u00e1ria unidade dos comunistas e revolucion\u00e1rios do pa\u00eds<\/h1>[\/et_pb_text][\/et_pb_column][\/et_pb_row][et_pb_row admin_label=&#8221;Coffee items&#8221; _builder_version=&#8221;3.25&#8243; custom_margin=&#8221;|||&#8221; custom_padding=&#8221;60px|0px|60px|0px&#8221; global_colors_info=&#8221;{}&#8221;][et_pb_column type=&#8221;4_4&#8243; _builder_version=&#8221;3.25&#8243; custom_padding=&#8221;|||&#8221; global_colors_info=&#8221;{}&#8221; custom_padding__hover=&#8221;|||&#8221;][et_pb_text _builder_version=&#8221;4.11.2&#8243; _module_preset=&#8221;default&#8221; global_colors_info=&#8221;{}&#8221;]<h1 class=\"documentFirstHeading\"><\/h1>\n<p align=\"left\">As posi\u00e7\u00f5es que o movimento comunista internacional foi tomando principalmente a partir de meados do s\u00e9culo passado fizeram com que as lutas da classe oper\u00e1ria mudassem de car\u00e1ter. Das posi\u00e7\u00f5es revolucion\u00e1rias do come\u00e7o do s\u00e9culo, no sentido da conquista do poder pol\u00edtico para a transforma\u00e7\u00e3o social, conduzindo os trabalhadores \u00e0 liberta\u00e7\u00e3o, como na Revolu\u00e7\u00e3o na R\u00fassia e, depois, a Revolu\u00e7\u00e3o Nacional na China e Revolu\u00e7\u00e3o Popular em Cuba, a dire\u00e7\u00e3o dos Partidos Comunistas mudou a sua orienta\u00e7\u00e3o: o movimento oper\u00e1rio deveria fazer alian\u00e7as no sentido de conquistas parciais em torno de reformas do sistema capitalista.<\/p>\n<p align=\"left\">A orienta\u00e7\u00e3o revolucion\u00e1ria dos bolcheviques, que culminou na Revolu\u00e7\u00e3o Socialista, em 1917, foi a maior realiza\u00e7\u00e3o de um povo na hist\u00f3ria da humanidade. Pela primeira vez, os trabalhadores do campo e da cidade, organizados e politizados pelos comunistas bolcheviques, encabe\u00e7ados por L\u00eanin, se libertaram da escravid\u00e3o capitalista e iniciaram a constru\u00e7\u00e3o de uma sociedade sem explora\u00e7\u00e3o do homem pelo homem. A possibilidade da vit\u00f3ria despertou o mundo. A classe exploradora mostrou as suas garras e \u00f3dio mais selvagens, organizando um ex\u00e9rcito de 14 pot\u00eancias, que at\u00e9 ent\u00e3o estavam em guerra entre si, contra a R\u00fassia Sovi\u00e9tica. Mais uma vez, a orienta\u00e7\u00e3o dos bolcheviques mant\u00e9m a alian\u00e7a estrat\u00e9gica dos trabalhadores da cidade e do campo num pa\u00eds extremamente atrasado e dividido em v\u00e1rias etnias contra a invas\u00e3o imperialista.<\/p>\n<p align=\"left\">O imperialismo j\u00e1 tinha convertido as guerras locais entre ex\u00e9rcitos em guerras globais, contra toda a popula\u00e7\u00e3o civil \u2013 a I Guerra Mundial. Mas, a humanidade ainda estava por conhecer a sua criatura mais genocida: o fascismo. A contra-revolu\u00e7\u00e3o fascista conduziu a guerra contra os povos pobres e, particularmente, a organiza\u00e7\u00e3o mais avan\u00e7ada dos trabalhadores ao seu extremo de mortalidade. A II Guerra Mundial assassinou mais de 50 milh\u00f5es de vidas humanas em apenas 5 anos, al\u00e9m das incont\u00e1veis seq\u00fcelas f\u00edsicas e ps\u00edquicas. A luta pela paz mundial consumiu 2 milh\u00f5es de quadros comunistas-revolucion\u00e1rios e mais de 20 milh\u00f5es de sovi\u00e9ticos, o que se tornou o maior exemplo de luta pela liberdade e solidariedade internacional que os povos jamais conheceram.<br \/>Diante da hist\u00f3rica vit\u00f3ria do movimento comunista internacional, as oligarquias dominantes recuaram. Mas, para n\u00e3o perderem totalmente o controle do seu sistema imperialista sobre a explora\u00e7\u00e3o internacional do trabalho, mat\u00e9rias-primas e mercados, as oligarquias burguesas, encabe\u00e7adas pelos oligarcas ianques (EUA), fazem um pacto com a oportunista social democracia. Cederam-lhe o governo (isto \u00e9, a administra\u00e7\u00e3o da crise) para n\u00e3o perderem o poder de comando. O pacto em torno do Estado do Bem-Estar Social, aliado \u00e0s dr\u00e1sticas perdas de quadros comunistas durante a luta contra os fascistas e aliados, foi neutralizando o avan\u00e7o revolucion\u00e1rio no mundo e abrindo uma brecha para as oligarquias burguesas acumularem suas for\u00e7as.<\/p>\n<p align=\"left\">Os mencheviques, at\u00e9 ent\u00e3o neutralizados pelos bolcheviques, come\u00e7am a ocupar altos postos de comando do PCUS (Partido Comunista da Uni\u00e3o Sovi\u00e9tica). Eles ficaram \u00e0 surdina enquanto os comunistas revolucion\u00e1rios tomaram a frente do combate e davam suas vidas contra o avan\u00e7o nazi-fascista. O controle dos mencheviques culmina na nova orienta\u00e7\u00e3o pol\u00edtica tra\u00e7ada por Nikita Kruschev (coexist\u00eancia pac\u00edfica e via pac\u00edfica para o socialismo) no XX Congresso do PCUS, em 1956, mudando finalmente a estrat\u00e9gia de atua\u00e7\u00e3o dos PC\u2019s na luta de classes. Apesar da forte diverg\u00eancia no Congresso, a luta pela competi\u00e7\u00e3o econ\u00f4mica dentro da circula\u00e7\u00e3o e realiza\u00e7\u00e3o da mais-valia (a raiz da explora\u00e7\u00e3o e a base de toda a acumula\u00e7\u00e3o capitalista), priorizando a ind\u00fastria armamentista, foi imposta sobre a orienta\u00e7\u00e3o anterior de luta entre sistemas (socialismo x capitalismo) pela Revolu\u00e7\u00e3o Prolet\u00e1ria Mundial.<\/p>\n<p align=\"left\">Os Partidos Comunistas se dividem e o desenvolvimento da teoria marxista-leninista \u00e9 bruscamente freado. A contra-revolu\u00e7\u00e3o imperialista imp\u00f5e a corrida aeroespacial e desenvolve a guerra ideol\u00f3gica contra o movimento comunista, inspirada na m\u00eddia nazi-fascista, alimentando todas as contradi\u00e7\u00f5es, e o oportunismo e revisionismo v\u00e3o tomando a dire\u00e7\u00e3o do movimento. Cria a CIOLS (central sindical dirigida pela Central de Intelig\u00eancia Americana) para neutralizar a Federa\u00e7\u00e3o Sindical Mundial (orientada pelo PCUS) e investir no sindicalismo amarelo (atrelado aos governos de direita).<\/p>\n<p align=\"left\">O agravamento da crise no movimento comunista internacional levou a queda da Uni\u00e3o Sovi\u00e9tica e do campo socialista do Leste Europeu. Esta derrota para todos os povos do mundo abriu caminho para as oligarquias dos Estados Unidos reordenarem todo o seu sistema imperialista de explora\u00e7\u00e3o e opress\u00e3o contra a classe oper\u00e1ria e os povos dos pa\u00edses menos desenvolvidos no mundo. A contra-revolu\u00e7\u00e3o neoliberal enterrou o Estado do Bem-Estar Social. Os EUA ganham for\u00e7a entre as pot\u00eancias imperialistas e passam a desenvolver seu projeto de expans\u00e3o imperial seguindo a rota do petr\u00f3leo, das armas nucleares e dos mercados.<\/p>\n<p align=\"left\">Enquanto os povos pobres e os movimentos sociais ficam desorientados pela social-democracia, bases militares s\u00e3o instaladas em todos os pontos geoestrat\u00e9gicos, desemprego e mis\u00e9ria proliferam nos pa\u00edses dependentes, guerras, viol\u00eancia e epidemias dizimam popula\u00e7\u00f5es inteiras e as conquistas da classe oper\u00e1ria e camponesa se dissolvem no bolso do burgu\u00eas. Chegamos ao in\u00edcio do s\u00e9culo XXI \u00e0s condi\u00e7\u00f5es sociais do s\u00e9culo XIX. Este processo que se iniciou com a tomada do comando do movimento revolucion\u00e1rio internacional pelos revisionistas mencheviques, foi conduzido nas \u00faltimas d\u00e9cadas tanto pelas \u201cm\u00e3os de ferro\u201d de governos de direita (partidos conservadores ou liberais e ditaduras militares) como pelas \u201cm\u00e3os amigas\u201d da oportunista social democracia (partidos trabalhistas ou socialistas), at\u00e9 ontem aliada dos comunistas revolucion\u00e1rios.<\/p>\n<p align=\"left\">O abandono do marxismo-leninismo entre os partidos e movimentos de esquerda fez com que a luta da classe oper\u00e1ria n\u00e3o consiga ir al\u00e9m de oposi\u00e7\u00e3o \u00e0s reuni\u00f5es do G-8, de atos antiglobaliza\u00e7\u00e3o, de lutas isoladas contra o massacre promovido pelas reformas neoliberais, de ONG\u2019s em defesa da fauna e flora, ou de atentados suicidas contra alvos judeus. A sua conquista mais avan\u00e7ada \u00e9 eleger governos trabalhistas ou sociais que prometem um mundo novo, socialista e democr\u00e1tico, mas, uma vez eleitos, n\u00e3o fazem mais que implementar reformas encomendadas pela banca financeira internacional, escamotear a grave crise econ\u00f4mica, eliminar barreiras nacionais para o imp\u00e9rio, engordar o caixa-2 e distribuir sopa para a classe que produz toda a riqueza social.<\/p>\n<p align=\"left\">No Brasil, n\u00f3s trabalhadores elegemos Luiz In\u00e1cio Lula da Silva para resistir a esta contra-ofensiva do imperialismo nas Am\u00e9ricas (Alca e Plano Col\u00f4mbia) e libertar-nos da opress\u00e3o, explora\u00e7\u00e3o, desemprego, mis\u00e9ria e viol\u00eancia a que somos submetidos pelo capital. Contudo, a esperan\u00e7a dos que t\u00eam a mesma origem de classe do atual presidente, de que \u00e9 poss\u00edvel conquistar dias melhores pela via eleitoral, se converteu, em poucos meses, em c\u00f3lera. Todas as suas reformas se resumem \u00e0s reformas do aparelho reprodutivo a favor do capital. At\u00e9 mesmo o sal\u00e1rio m\u00ednimo n\u00e3o foi al\u00e9m do previsto no or\u00e7amento de FHC-FMI. A tend\u00eancia ao agu\u00e7amento das contradi\u00e7\u00f5es e \u00e0 ruptura dos trabalhadores, em especial, sindicalistas aut\u00eanticos e movimentos sem-terra e sem-teto, com o governo Lula se torna uma possibilidade concreta.<\/p>\n<p align=\"left\">Mesmo estando a classe oper\u00e1ria brasileira diante de uma situa\u00e7\u00e3o decisiva para a sua luta, os partidos comunistas nacionais est\u00e3o completamente afastados dos princ\u00edpios do socialismo revolucion\u00e1rio como objetivo e do marxismo-leninismo como m\u00e9todo cient\u00edfico de an\u00e1lise e compreens\u00e3o da realidade. Eles est\u00e3o presos nos bra\u00e7os do economicismo e do revisionismo. As suas lutas s\u00e3o orientadas para a conquista de cargos burocr\u00e1ticos da m\u00e1quina estatal administrada pelo trabalhismo petista. At\u00e9 a CUT, outrora l\u00edder inconteste das a\u00e7\u00f5es conscientes da classe trabalhadora no Brasil, converteu-se em celeiro de quadros burocr\u00e1ticos para o PT, PCdoB e PSTU.<\/p>\n<p align=\"left\">E \u00e9 precisamente neste momento em que os trabalhadores brasileiros necessitam da orienta\u00e7\u00e3o do movimento comunista revolucion\u00e1rio em sua luta contra a grave situa\u00e7\u00e3o nacional e internacional, \u00e9 que estamos realizando o nosso II Congresso Nacional do Partido Comunista Marxista-Leninista. Cabe a n\u00f3s, comunistas revolucion\u00e1rios do PCML, exercermos um papel ainda mais decisivo do que aquele da elei\u00e7\u00e3o de Lula contra as velhas oligarquias, que comandavam diretamente o pa\u00eds desde o seu \u201cdescobrimento\u201d. O programa neoliberal das oligarquias burguesas se esgotou, mas a esquerda reformista assumiu o governo para gerenciar a grave crise social, e nos estreitos marcos do sistema capitalista em alternativa \u00e0s velhas oligarquias.<\/p>\n<p align=\"left\">A sa\u00edda para o povo brasileiro, e, particularmente para a sua classe oper\u00e1ria, em rela\u00e7\u00e3o \u00e0 grave crise econ\u00f4mico-social n\u00e3o \u00e9 outro que a sociedade comunista. E o eixo do programa de combate ao latif\u00fandio, ao capitalismo e ao imperialismo e de transi\u00e7\u00e3o para a Sociedade Comunista \u00e9 a Plataforma Comunista. Esta Plataforma tem como objetivo a unidade dos comunistas e revolucion\u00e1rios em torno de um programa m\u00ednimo com pontos em comum. Aos camaradas que est\u00e3o rompendo com as posi\u00e7\u00f5es oportunistas e carreiristas dos atuais partidos comunistas, estamos abertos para a discuss\u00e3o de uma unidade mais conseq\u00fcente e org\u00e2nica em torno deste programa revolucion\u00e1rio.<\/p>\n<p align=\"left\">Na constru\u00e7\u00e3o da organiza\u00e7\u00e3o revolucion\u00e1ria e na luta ideol\u00f3gica contra as oligarquias dominantes, o jornal revolucion\u00e1rio exerce um papel de destaque. O Jornal INVERTA, al\u00e9m de sua import\u00e2ncia na luta pol\u00edtica e ideol\u00f3gica, \u00e9, assim como o Jornal Iskra foi para os bolcheviques, liderados por L\u00eanin, o centro da nossa organiza\u00e7\u00e3o revolucion\u00e1ria. As organiza\u00e7\u00f5es pequeno-burguesas e revisionistas, ao contr\u00e1rio, atrelam toda a sua estrutura sobre o parlamento burgu\u00eas e\/ou do sindicalismo amarelo, como vemos com o PT, PCdoB, PSTU, PCB etc.. Agindo assim, n\u00e3o fazem mais do que reduzir suas bandeiras de luta e resolu\u00e7\u00f5es \u00e0s reformas burguesas, dentro das institui\u00e7\u00f5es burguesa.<\/p>\n<p align=\"left\">Para unirmos a luta dos trabalhadores do campo e da cidade contra as reformas neoliberais do governo Lula, e outro que lhe d\u00ea sequ\u00eancia, se faz necess\u00e1rio a organiza\u00e7\u00e3o de um f\u00f3rum sindical e popular de debates contra o neoliberalismo. Este f\u00f3rum admitir\u00e1 todos os sindicatos que n\u00e3o se atolaram no sindicalismo amarelo, movimentos de sem-teto e sem-terra, organiza\u00e7\u00f5es de trabalhadores rurais, movimento estudantil e demais movimentos populares e sociais que se colocam em oposi\u00e7\u00e3o \u00e0s guerras imperialistas e ao projeto neoliberal. O seu objetivo \u00e9 construir um ponto de partida para a alian\u00e7a entre a cidade e o campo e construir um programa m\u00ednimo de emerg\u00eancia para impulsionar todo um processo de ruptura de fato com o imperialismo e os governos a servi\u00e7o das oligarquias burguesas no pa\u00eds.<\/p>\n<p><b><i>Viva as Confer\u00eancias Estaduais do PCML!<\/i><\/b><\/p>\n<p><b> <\/b><\/p>\n<p><b><i>Viva o II Congresso Nacional do PCML (Br)!<\/i><\/b><\/p>\n<p><b> <\/b><\/p>\n<p><b><i>Viva a Plataforma Comunista!<\/i><\/b><\/p>\n<p><b> <\/b><\/p>\n<p><b><i>Por um F\u00f3rum Sindical e Popular contra o neol-iberalismo!<\/i><\/b><\/p>\n<p><b> <\/b><\/p>\n<p><b><i>Viva a Revolu\u00e7\u00e3o Prolet\u00e1ria e Comunista Mundial!<\/i><\/b><\/p>\n<p><b> Reda\u00e7\u00e3o do OC do PCML (Br)<\/b><\/p>[\/et_pb_text][\/et_pb_column][\/et_pb_row][\/et_pb_section][et_pb_section fb_built=&#8221;1&#8243; admin_label=&#8221;Video Title Section&#8221; _builder_version=&#8221;4.10.6&#8243; background_color=&#8221;#d40000&#8243; custom_padding=&#8221;120px|0px|60px|0px&#8221; saved_tabs=&#8221;all&#8221; global_colors_info=&#8221;{}&#8221;][\/et_pb_section]\n","protected":false},"excerpt":{"rendered":"<p>O II Congresso do PCML e a necess\u00e1ria unidade dos comunistas e revolucion\u00e1rios do pa\u00eds As posi\u00e7\u00f5es que o movimento comunista internacional foi tomando principalmente a partir de meados do s\u00e9culo passado fizeram com que as lutas da classe oper\u00e1ria mudassem de car\u00e1ter. Das posi\u00e7\u00f5es revolucion\u00e1rias do come\u00e7o do s\u00e9culo, no sentido da conquista do [&hellip;]<\/p>\n","protected":false},"author":1,"featured_media":0,"parent":0,"menu_order":0,"comment_status":"closed","ping_status":"closed","template":"","meta":{"_et_pb_use_builder":"on","_et_pb_old_content":"","_et_gb_content_width":"","footnotes":""},"class_list":["post-31239","page","type-page","status-publish","hentry"],"_links":{"self":[{"href":"https:\/\/pcml.org.br\/index.php?rest_route=\/wp\/v2\/pages\/31239","targetHints":{"allow":["GET"]}}],"collection":[{"href":"https:\/\/pcml.org.br\/index.php?rest_route=\/wp\/v2\/pages"}],"about":[{"href":"https:\/\/pcml.org.br\/index.php?rest_route=\/wp\/v2\/types\/page"}],"author":[{"embeddable":true,"href":"https:\/\/pcml.org.br\/index.php?rest_route=\/wp\/v2\/users\/1"}],"replies":[{"embeddable":true,"href":"https:\/\/pcml.org.br\/index.php?rest_route=%2Fwp%2Fv2%2Fcomments&post=31239"}],"version-history":[{"count":5,"href":"https:\/\/pcml.org.br\/index.php?rest_route=\/wp\/v2\/pages\/31239\/revisions"}],"predecessor-version":[{"id":31315,"href":"https:\/\/pcml.org.br\/index.php?rest_route=\/wp\/v2\/pages\/31239\/revisions\/31315"}],"wp:attachment":[{"href":"https:\/\/pcml.org.br\/index.php?rest_route=%2Fwp%2Fv2%2Fmedia&parent=31239"}],"curies":[{"name":"wp","href":"https:\/\/api.w.org\/{rel}","templated":true}]}}